e
Does 8 divide 1148560?
True
Is 18974 a multiple of 36?
False
Does 38 divide 926478?
True
Is 56 a factor of 171687?
False
Is 38 a factor of 15713?
False
Is 8633 a multiple of 123?
False
Does 606 divide 4092318?
True
Does 46 divide 6992?
True
Is 87057 a multiple of 80?
False
Is 3792 a multiple of 158?
True
Is 128520 a multiple of 321?
False
Is 1655536 a multiple of 16?
True
Does 10 divide 2435450?
True
Does 61 divide 66856?
True
Is 27 a factor of 1865376?
True
Is 9776 a multiple of 13?
True
Is 1380 a factor of 28256880?
True
Is 9 a factor of 223173?
True
Is 420 a factor of 277620?
True
Does 215 divide 7095?
True
Is 62 a factor of 136590?
False
Is 167 a factor of 264532?
False
Does 14 divide 4880722?
True
Does 11 divide 335430?
False
Does 7 divide 204020?
False
Does 82 divide 2413096?
True
Does 38 divide 1070779?
False
Is 112572 a multiple of 18?
True
Is 214904 a multiple of 69?
False
Is 517616 a multiple of 374?
True
Is 18 a factor of 567468?
True
Is 66 a factor of 482592?
True
Is 7 a factor of 17514?
True
Does 5 divide 142544?
False
Is 570984 a multiple of 444?
True
Does 22 divide 4105618?
True
Is 18 a factor of 194347?
False
Does 89 divide 574050?
True
Is 22 a factor of 1390423?
False
Is 2021949 a multiple of 40?
False
Is 14 a factor of 8453114?
False
Does 365 divide 1203208?
False
Is 40 a factor of 67440?
True
Does 3 divide 1020326?
False
Is 30053 a multiple of 26?
False
Is 1023291 a multiple of 9?
True
Is 41607 a multiple of 101?
False
Does 16 divide 822368?
True
Is 138788 a multiple of 56?
False
Does 28 divide 431508?
True
Is 10200287 a multiple of 22?
False
Is 1503448 a multiple of 8?
True
Is 1750002 a multiple of 88?
False
Does 64 divide 150860?
False
Is 4 a factor of 2237556?
True
Is 24090 a multiple of 110?
True
Does 40 divide 1444?
False
Does 3 divide 25811?
False
Does 82 divide 584414?
True
Is 2 a factor of 4541?
False
Does 741 divide 7905404?
False
Is 610113 a multiple of 7?
True
Does 12 divide 723421?
False
Is 41 a factor of 982248?
False
Is 199 a factor of 177110?
True
Is 130 a factor of 117130?
True
Is 1266119 a multiple of 2082?
False
Is 62746 a multiple of 137?
True
Is 65 a factor of 28830?
False
Is 292 a factor of 784312?
True
Does 93 divide 148335?
True
Does 205 divide 1971690?
True
Is 14 a factor of 2237361?
False
Is 2294030 a multiple of 10?
True
Is 613380 a multiple of 12?
True
Is 28 a factor of 1009255?
False
Is 314632 a multiple of 22?
False
Is 249161 a multiple of 33?
False
Is 19 a factor of 208360?
False
Does 197 divide 2021?
False
Does 5 divide 3792499?
False
Is 31 a factor of 63303?
False
Does 850 divide 452200?
True
Is 3 a factor of 193642?
False
Is 138826 a multiple of 31?
False
Is 485 a factor of 492364?
False
Is 521728 a multiple of 16?
True
Is 108012 a multiple of 4?
True
Is 4 a factor of 653040?
True
Does 49 divide 350105?
True
Is 22 a factor of 170301?
False
Does 28 divide 400921?
False
Does 43 divide 3115608?
True
Does 24 divide 63120?
True
Does 31 divide 80786?
True
Does 318 divide 5910348?
True
Is 223 a factor of 2196327?
True
Does 10 divide 2939481?
False
Does 30 divide 1231494?
False
Is 1898246 a multiple of 490?
False
Is 16 a factor of 21537?
False
Is 70623 a multiple of 171?
True
Is 14 a factor of 767927?
False
Is 71 a factor of 206752?
True
Is 18801913 a multiple of 1006?
False
Is 69 a factor of 239877?
False
Does 26 divide 157633?
False
Is 19175 a multiple of 25?
True
Is 1421023 a multiple of 1524?
False
Is 772 a factor of 4716148?
True
Is 62 a factor of 173910?
True
Is 297385 a multiple of 120?
False
Is 40 a factor of 1099000?
True
Is 7874357 a multiple of 914?
False
Is 256 a factor of 78405?
False
Is 1270 a factor of 16342360?
True
Is 37 a factor of 307381?
False
Is 43 a factor of 271165?
False
Does 3 divide 2697?
True
Is 12287387 a multiple of 49?
True
Does 47 divide 2108420?
True
Is 762 a factor of 6777228?
True
Is 7180240 a multiple of 40?
True
Is 498 a factor of 723096?
True
Does 548 divide 11823648?
True
Does 880 divide 2926000?
True
Is 49 a factor of 191786?
True
Does 113 divide 66331?
True
Is 257278 a multiple of 16?
False
Does 944 divide 4993760?
True
Is 45 a factor of 272095?
False
Is 65220 a multiple of 7?
False
Is 793034 a multiple of 113?
True
Does 107 divide 15175703?
True
Is 266663 a multiple of 31?
False
Is 73122 a multiple of 140?
False
Does 101 divide 1973885?
False
Does 96 divide 82054?
False
Does 167 divide 2370787?
False
Does 23 divide 1248118?
True
Is 140 a factor of 335149?
False
Is 7671172 a multiple of 79?
False
Is 14496090 a multiple of 15?
True
Is 4 a factor of 41292?
True
Is 1121844 a multiple of 14?
False
Is 9527371 a multiple of 13?
False
Is 222780 a multiple of 564?
True
Is 11290028 a multiple of 19?
True
Is 11 a factor of 137772?
False
Is 867464 a multiple of 26?
True
Is 366980 a multiple of 12?
False
Is 2 a factor of 13459?
False
Is 115561 a multiple of 40?
False
Does 10 divide 7082374?
False
Is 698418 a multiple of 41?
False
Is 2035 a multiple of 4?
False
Is 1009648 a multiple of 8?
True
Does 770 divide 761530?
True
Is 74 a factor of 900728?
True
Does 12 divide 100621?
False
Is 98014 a multiple of 10?
False
Is 100638 a multiple of 4?
False
Is 200 a factor of 211600?
True
Is 106 a factor of 938073?
False
Is 195007 a multiple of 61?
False
Is 71148 a multiple of 21?
True
Is 4044095 a multiple of 11?
True
Does 55 divide 4976433?
False
Is 1581160 a multiple of 8?
True
Does 39 divide 11393473?
False
Is 126470 a multiple of 17?
False
Is 279408 a multiple of 156?
False
Does 17 divide 578459?
True
Is 67592 a multiple of 4?
True
Is 3822889 a multiple of 7?
True
Is 154 a factor of 4406960?
False
Does 19 divide 274721?
True
Does 5 divide 355479?
False
Is 18 a factor of 6876?
True
Does 67 divide 20388?
False
Is 32 a factor of 126944?
True
Is 1212257 a multiple of 236?
False
Is 21762 a multiple of 45?
False
Is 276764 a multiple of 13?
False
Is 30 a factor of 588845?
False
Does 77 divide 990528?
True
Is 69 a factor of 71025?
False
Is 87 a factor of 718335?
False
Is 15023720 a multiple of 14?
False
Does 10 divide 508840?
True
Is 75140 a multiple of 34?
True
Does 266 divide 322870?
False
Is 2206 a factor of 10344019?
False
Is 5 a factor of 3871116?
False
Is 210 a factor of 48332?
False
Is 171218 a multiple of 25?
False
Is 317400 a multiple of 50?
True
Does 8 divide 253336?
True
Is 3 a factor of 79065?
True
Is 89 a factor of 217178?
False
Is 374 a factor of 110213?
False
Does 251 divide 1314738?
True
Does 26 divide 137845?
False
Does 3 divide 4618?
False
Is 343 a factor of 20818868?
False
Is 14 a factor of 71984?
False
Is 1019433 a multiple of 105?
False
Is 9 a factor of 223020?
True
Is 5 a factor of 5431?
False
Is 16792225 a multiple of 34?
False
Is 9471990 a multiple of 22?
True
Is 68131 a multiple of 29?
False
Is 13 a factor of 19105853?
True
Does 307 divide 165166?
True
Does 61 divide 6094830?
False
Is 70 a factor of 1817480?
True
Is 314820 a multiple of 18?
True
Is 202650 a multiple of 10?
True
Is 243 a factor of 1100086?
False
Does 13 divide 1493336?
True
Is 773187 a multiple of 13?
False
Is 30489547 a multiple of 52?
False
Is 239289 a multiple of 163?
False
Is 260167 a multiple of 19?
True
Does 245 divide 2237340?
True
Does 28 divide 2848216?
True
Is 2234421 a multiple of 1223?
True
Is 15 a factor of 31935?
True
Is 220 a factor of 28570080?
True
Does 75 divide 564421?
False
Does 52 divide 3640?
True
Does 61 divide 610977?
False
Is 7 a factor of 2695?
True
Is 323 a factor of 637122?
False
Does 18 divide 84422?
False
Is 44 a factor of 4583015?
False
Is 4849479 a multiple of 351?
False
Is 1462151 a multiple of 217?
False
Does 33 divide 2172621?
True
Is 19 a factor of 2618903?
True
Is 993145 a multiple of 647?
True
Is 93150 a multiple of 15?
True
Is 185 a factor of 610109?
False
Is 509 a factor of 1831371?
False
Is 1098607 a multiple of 15?
False
Does 36 divide 1693944?
True
Is 16 a factor of 891643?
False
Is 1580 a factor of 7046800?
True
Is 574 a factor of 654110?
False
Is 4614783 a multiple of 108?
False
Is 46 a factor of 298218?
True
Does 65 divide 213785?
True
Is 127356 a multiple of 215?
False
Is 104105 a multiple of 25?
False
Does 1064 divide 1306592?
True
Is 8 a factor of 163205?
False
Is 1165325 a multiple of 35?
True
Is 345330 a multiple of 30?
True
Does 259 divide 